{"id":1895,"date":"2018-12-04T11:45:47","date_gmt":"2018-12-04T10:45:47","guid":{"rendered":"https:\/\/www.infri.ch\/commissions-cantonales\/"},"modified":"2019-02-25T10:08:21","modified_gmt":"2019-02-25T09:08:21","slug":"kantonale-kommissionen","status":"publish","type":"page","link":"https:\/\/www.infri.ch\/de\/themen\/kantonale-kommissionen\/","title":{"rendered":"Kantonale Kommissionen"},"content":{"rendered":"<p>INFRI ist bei den kantonalen Kommissionen mit Bezug auf behinderte Personen oder Menschen in Schwierigkeiten und F\u00f6rderinstitutionen vertreten.<\/p>\n<p>&nbsp;<\/p>\n<h3>Beratende Kommission zur Unterst\u00fctzung von Menschen mit Behinderungen und Integrationsproblemen<\/h3>\n<p><strong>Mission:<\/strong><\/p>\n<ul>\n<li>Erfassung der Zahlen minderj\u00e4hriger als auch erwachsenen Personen mit physischen, mentalen oder psychischen Behinderungen, sowie Minderj\u00e4hrigen bei welchen spezielle Bildungsmassnahmen erforderlich sind;<\/li>\n<li>Evaluierung der Kosten, zur Favorisierung der Hauspflege behinderter Personen;<\/li>\n<li>Ausarbeitung eines Gesamtkonzepts welches ein Netzwerk von Gastfamilien, Bildungsf\u00f6rdernde Aktivit\u00e4ten in offenem, sowie institutionellem Rahmen favorisiert und auf Personen mit Eingliederungsproblemen ausgerichtet ist;<\/li>\n<li>Empfehlung aller kreativen Projekten, Projekterweiterungen oder strukturell institutionellen \u00c4nderungen zu H\u00e4nden der Gesundheitsdirektion und der Sozial\u00e4mter;<\/li>\n<li>Diese Kommission \u00fcberreicht seine Berichte dem Staatsrat.<\/li>\n<\/ul>\n<p>F\u00fcr INFRI sind die Mitglieder dieser Kommission: Olivier SPANG Generalsekret\u00e4r und Jean-Luc KUENLIN, Direktor Institutionen.<\/p>\n<p>&nbsp;<\/p>\n<h3>Kommission der periodischen Subventionspr\u00fcfungen<\/h3>\n<p><strong>Mission:<\/strong><\/p>\n<ul>\n<li>Das Subventionsgesetz sieht mindestens alle 6 Jahre eine \u00dcberpr\u00fcfung der kantonalen Subventionen vor, was gem\u00e4ss dem Massstab deren Notwendigkeit, Nutzen und Wirtschaftlichkeit, sowie auf deren Gesetzeskonformit\u00e4t erfolgt.<\/li>\n<li>Die Kommission \u00fcberreicht dem Staatsrat regelm\u00e4ssig Berichte \u00fcber die Entwicklung der Subventionen und schl\u00e4gt Anpassungen oder Streichungen vor.<\/li>\n<\/ul>\n<p>F\u00fcr INFRI ist Olivier SPANG Generalsekret\u00e4r, Mitglied dieser Kommission.<\/p>\n<p>&nbsp;<\/p>\n<h3>Begleitgruppe und Lenkungsausschuss der Implementierung von NFA<\/h3>\n<p><strong>Mission:<\/strong><\/p>\n<ul>\n<li>Im Rahmen der neuen Aufgabenverteilung zwischen Bund und Kantonen im 2009 sind mehrere T\u00e4tigkeitsbereiche in die Verantwortung des Kantons Freiburg gefallen. Im Besonderen betrifft dies die Bereiche behinderte Personen und Sonderschulen.<\/li>\n<li>Der Kanton Freiburg musste seine gesetzlichen Bestimmungen anpassen, eine &#8222;Politik der Person mit Behinderung&#8220; und ein &#8222;Heilp\u00e4dagogikskonzept&#8220; definieren und der Gesetz \u00fcber Institutionen \u00fcberarbeiten.<\/li>\n<li>Diese Projekte welche sich progressiv der Fertigstellung n\u00e4hern, wurden von zahlreichen Arbeitsgruppen im Verlauf mehrerer Jahre ausgearbeitet.<\/li>\n<li>Die Begleitgruppe unterzieht die Projekte einer Vorpr\u00fcfung, bevor diese zur Genehmigung eingereicht werden.<\/li>\n<li>Der Lenkungsausschuss ist das Organ welches letztendlich \u00fcber eine definitive Unterbreitung an den Staatsrat entscheidet und rechtliche Projekte validiert.<\/li>\n<\/ul>\n<p>F\u00fcr INFRI sind die Mitglieder dieses Begleitsgruppe: Olivier SPANG General Sekret\u00e4r und Alexandre WAEBER Direktor der Institutionen. Und Mitglieder des Lenkungsauschusses sind: Ursula Schneider-SCH\u00dcTTEL Pr\u00e4sidentin, sowie Andr\u00e9 SUDAN Vize Pr\u00e4sident.<\/p>\n","protected":false},"excerpt":{"rendered":"<p>INFRI ist bei den kantonalen Kommissionen mit Bezug auf behinderte Personen oder Menschen in Schwierigkeiten und F\u00f6rderinstitutionen vertreten. &nbsp; Beratende Kommission zur Unterst\u00fctzung von Menschen mit Behinderungen und Integrationsproblemen Mission: Erfassung der Zahlen minderj\u00e4hriger als auch erwachsenen Personen mit physischen, mentalen oder psychischen Behinderungen, sowie Minderj\u00e4hrigen bei welchen spezielle Bildungsmassnahmen erforderlich sind; Evaluierung der Kosten, [&hellip;]<\/p>\n","protected":false},"author":1,"featured_media":0,"parent":1897,"menu_order":0,"comment_status":"closed","ping_status":"closed","template":"","meta":{"_acf_changed":false,"inline_featured_image":false,"_monsterinsights_skip_tracking":false,"_monsterinsights_sitenote_active":false,"_monsterinsights_sitenote_note":"","_monsterinsights_sitenote_category":0,"footnotes":""},"class_list":["post-1895","page","type-page","status-publish","hentry"],"acf":[],"yoast_head":"<!-- This site is optimized with the Yoast SEO plugin v27.4 - https:\/\/yoast.com\/product\/yoast-seo-wordpress\/ -->\n<title>Kantonale Kommissionen &#8211; infri<\/title>\n<meta name=\"robots\" content=\"index, follow, max-snippet:-1, max-image-preview:large, max-video-preview:-1\" \/>\n<link rel=\"canonical\" href=\"https:\/\/www.infri.ch\/de\/themen\/kantonale-kommissionen\/\" \/>\n<meta property=\"og:locale\" content=\"de_DE\" \/>\n<meta property=\"og:type\" content=\"article\" \/>\n<meta property=\"og:title\" content=\"Kantonale Kommissionen &#8211; infri\" \/>\n<meta property=\"og:description\" content=\"INFRI ist bei den kantonalen Kommissionen mit Bezug auf behinderte Personen oder Menschen in Schwierigkeiten und F\u00f6rderinstitutionen vertreten. &nbsp; Beratende Kommission zur Unterst\u00fctzung von Menschen mit Behinderungen und Integrationsproblemen Mission: Erfassung der Zahlen minderj\u00e4hriger als auch erwachsenen Personen mit physischen, mentalen oder psychischen Behinderungen, sowie Minderj\u00e4hrigen bei welchen spezielle Bildungsmassnahmen erforderlich sind; Evaluierung der Kosten, [&hellip;]\" \/>\n<meta property=\"og:url\" content=\"https:\/\/www.infri.ch\/de\/themen\/kantonale-kommissionen\/\" \/>\n<meta property=\"og:site_name\" content=\"infri\" \/>\n<meta property=\"article:modified_time\" content=\"2019-02-25T09:08:21+00:00\" \/>\n<meta name=\"twitter:card\" content=\"summary_large_image\" \/>\n<meta name=\"twitter:label1\" content=\"Gesch\u00e4tzte Lesezeit\" \/>\n\t<meta name=\"twitter:data1\" content=\"2\u00a0Minuten\" \/>\n<script type=\"application\/ld+json\" class=\"yoast-schema-graph\">{\"@context\":\"https:\\\/\\\/schema.org\",\"@graph\":[{\"@type\":\"WebPage\",\"@id\":\"https:\\\/\\\/www.infri.ch\\\/de\\\/themen\\\/kantonale-kommissionen\\\/\",\"url\":\"https:\\\/\\\/www.infri.ch\\\/de\\\/themen\\\/kantonale-kommissionen\\\/\",\"name\":\"Kantonale Kommissionen &#8211; infri\",\"isPartOf\":{\"@id\":\"https:\\\/\\\/www.infri.ch\\\/de\\\/#website\"},\"datePublished\":\"2018-12-04T10:45:47+00:00\",\"dateModified\":\"2019-02-25T09:08:21+00:00\",\"breadcrumb\":{\"@id\":\"https:\\\/\\\/www.infri.ch\\\/de\\\/themen\\\/kantonale-kommissionen\\\/#breadcrumb\"},\"inLanguage\":\"de\",\"potentialAction\":[{\"@type\":\"ReadAction\",\"target\":[\"https:\\\/\\\/www.infri.ch\\\/de\\\/themen\\\/kantonale-kommissionen\\\/\"]}]},{\"@type\":\"BreadcrumbList\",\"@id\":\"https:\\\/\\\/www.infri.ch\\\/de\\\/themen\\\/kantonale-kommissionen\\\/#breadcrumb\",\"itemListElement\":[{\"@type\":\"ListItem\",\"position\":1,\"name\":\"Accueil\",\"item\":\"https:\\\/\\\/www.infri.ch\\\/de\\\/\"},{\"@type\":\"ListItem\",\"position\":2,\"name\":\"Themen\",\"item\":\"https:\\\/\\\/www.infri.ch\\\/de\\\/themen\\\/\"},{\"@type\":\"ListItem\",\"position\":3,\"name\":\"Kantonale Kommissionen\"}]},{\"@type\":\"WebSite\",\"@id\":\"https:\\\/\\\/www.infri.ch\\\/de\\\/#website\",\"url\":\"https:\\\/\\\/www.infri.ch\\\/de\\\/\",\"name\":\"infri\",\"description\":\"l&#039;association repr\u00e9sentant les institutions sp\u00e9cialis\u00e9es fribourgeoises\",\"potentialAction\":[{\"@type\":\"SearchAction\",\"target\":{\"@type\":\"EntryPoint\",\"urlTemplate\":\"https:\\\/\\\/www.infri.ch\\\/de\\\/?s={search_term_string}\"},\"query-input\":{\"@type\":\"PropertyValueSpecification\",\"valueRequired\":true,\"valueName\":\"search_term_string\"}}],\"inLanguage\":\"de\"}]}<\/script>\n<!-- \/ Yoast SEO plugin. -->","yoast_head_json":{"title":"Kantonale Kommissionen &#8211; infri","robots":{"index":"index","follow":"follow","max-snippet":"max-snippet:-1","max-image-preview":"max-image-preview:large","max-video-preview":"max-video-preview:-1"},"canonical":"https:\/\/www.infri.ch\/de\/themen\/kantonale-kommissionen\/","og_locale":"de_DE","og_type":"article","og_title":"Kantonale Kommissionen &#8211; infri","og_description":"INFRI ist bei den kantonalen Kommissionen mit Bezug auf behinderte Personen oder Menschen in Schwierigkeiten und F\u00f6rderinstitutionen vertreten. &nbsp; Beratende Kommission zur Unterst\u00fctzung von Menschen mit Behinderungen und Integrationsproblemen Mission: Erfassung der Zahlen minderj\u00e4hriger als auch erwachsenen Personen mit physischen, mentalen oder psychischen Behinderungen, sowie Minderj\u00e4hrigen bei welchen spezielle Bildungsmassnahmen erforderlich sind; Evaluierung der Kosten, [&hellip;]","og_url":"https:\/\/www.infri.ch\/de\/themen\/kantonale-kommissionen\/","og_site_name":"infri","article_modified_time":"2019-02-25T09:08:21+00:00","twitter_card":"summary_large_image","twitter_misc":{"Gesch\u00e4tzte Lesezeit":"2\u00a0Minuten"},"schema":{"@context":"https:\/\/schema.org","@graph":[{"@type":"WebPage","@id":"https:\/\/www.infri.ch\/de\/themen\/kantonale-kommissionen\/","url":"https:\/\/www.infri.ch\/de\/themen\/kantonale-kommissionen\/","name":"Kantonale Kommissionen &#8211; infri","isPartOf":{"@id":"https:\/\/www.infri.ch\/de\/#website"},"datePublished":"2018-12-04T10:45:47+00:00","dateModified":"2019-02-25T09:08:21+00:00","breadcrumb":{"@id":"https:\/\/www.infri.ch\/de\/themen\/kantonale-kommissionen\/#breadcrumb"},"inLanguage":"de","potentialAction":[{"@type":"ReadAction","target":["https:\/\/www.infri.ch\/de\/themen\/kantonale-kommissionen\/"]}]},{"@type":"BreadcrumbList","@id":"https:\/\/www.infri.ch\/de\/themen\/kantonale-kommissionen\/#breadcrumb","itemListElement":[{"@type":"ListItem","position":1,"name":"Accueil","item":"https:\/\/www.infri.ch\/de\/"},{"@type":"ListItem","position":2,"name":"Themen","item":"https:\/\/www.infri.ch\/de\/themen\/"},{"@type":"ListItem","position":3,"name":"Kantonale Kommissionen"}]},{"@type":"WebSite","@id":"https:\/\/www.infri.ch\/de\/#website","url":"https:\/\/www.infri.ch\/de\/","name":"infri","description":"l&#039;association repr\u00e9sentant les institutions sp\u00e9cialis\u00e9es fribourgeoises","potentialAction":[{"@type":"SearchAction","target":{"@type":"EntryPoint","urlTemplate":"https:\/\/www.infri.ch\/de\/?s={search_term_string}"},"query-input":{"@type":"PropertyValueSpecification","valueRequired":true,"valueName":"search_term_string"}}],"inLanguage":"de"}]}},"_links":{"self":[{"href":"https:\/\/www.infri.ch\/de\/wp-json\/wp\/v2\/pages\/1895","targetHints":{"allow":["GET"]}}],"collection":[{"href":"https:\/\/www.infri.ch\/de\/wp-json\/wp\/v2\/pages"}],"about":[{"href":"https:\/\/www.infri.ch\/de\/wp-json\/wp\/v2\/types\/page"}],"author":[{"embeddable":true,"href":"https:\/\/www.infri.ch\/de\/wp-json\/wp\/v2\/users\/1"}],"replies":[{"embeddable":true,"href":"https:\/\/www.infri.ch\/de\/wp-json\/wp\/v2\/comments?post=1895"}],"version-history":[{"count":0,"href":"https:\/\/www.infri.ch\/de\/wp-json\/wp\/v2\/pages\/1895\/revisions"}],"up":[{"embeddable":true,"href":"https:\/\/www.infri.ch\/de\/wp-json\/wp\/v2\/pages\/1897"}],"wp:attachment":[{"href":"https:\/\/www.infri.ch\/de\/wp-json\/wp\/v2\/media?parent=1895"}],"curies":[{"name":"wp","href":"https:\/\/api.w.org\/{rel}","templated":true}]}}

<p>INFRI ist bei den kantonalen Kommissionen mit Bezug auf behinderte Personen oder Menschen in Schwierigkeiten und Förderinstitutionen vertreten.</p>
<p>&nbsp;</p>
<h3>Beratende Kommission zur Unterstützung von Menschen mit Behinderungen und Integrationsproblemen</h3>
<p><strong>Mission:</strong></p>
<ul>
<li>Erfassung der Zahlen minderjähriger als auch erwachsenen Personen mit physischen, mentalen oder psychischen Behinderungen, sowie Minderjährigen bei welchen spezielle Bildungsmassnahmen erforderlich sind;</li>
<li>Evaluierung der Kosten, zur Favorisierung der Hauspflege behinderter Personen;</li>
<li>Ausarbeitung eines Gesamtkonzepts welches ein Netzwerk von Gastfamilien, Bildungsfördernde Aktivitäten in offenem, sowie institutionellem Rahmen favorisiert und auf Personen mit Eingliederungsproblemen ausgerichtet ist;</li>
<li>Empfehlung aller kreativen Projekten, Projekterweiterungen oder strukturell institutionellen Änderungen zu Händen der Gesundheitsdirektion und der Sozialämter;</li>
<li>Diese Kommission überreicht seine Berichte dem Staatsrat.</li>
</ul>
<p>Für INFRI sind die Mitglieder dieser Kommission: Olivier SPANG Generalsekretär und Jean-Luc KUENLIN, Direktor Institutionen.</p>
<p>&nbsp;</p>
<h3>Kommission der periodischen Subventionsprüfungen</h3>
<p><strong>Mission:</strong></p>
<ul>
<li>Das Subventionsgesetz sieht mindestens alle 6 Jahre eine Überprüfung der kantonalen Subventionen vor, was gemäss dem Massstab deren Notwendigkeit, Nutzen und Wirtschaftlichkeit, sowie auf deren Gesetzeskonformität erfolgt.</li>
<li>Die Kommission überreicht dem Staatsrat regelmässig Berichte über die Entwicklung der Subventionen und schlägt Anpassungen oder Streichungen vor.</li>
</ul>
<p>Für INFRI ist Olivier SPANG Generalsekretär, Mitglied dieser Kommission.</p>
<p>&nbsp;</p>
<h3>Begleitgruppe und Lenkungsausschuss der Implementierung von NFA</h3>
<p><strong>Mission:</strong></p>
<ul>
<li>Im Rahmen der neuen Aufgabenverteilung zwischen Bund und Kantonen im 2009 sind mehrere Tätigkeitsbereiche in die Verantwortung des Kantons Freiburg gefallen. Im Besonderen betrifft dies die Bereiche behinderte Personen und Sonderschulen.</li>
<li>Der Kanton Freiburg musste seine gesetzlichen Bestimmungen anpassen, eine &#8222;Politik der Person mit Behinderung&#8220; und ein &#8222;Heilpädagogikskonzept&#8220; definieren und der Gesetz über Institutionen überarbeiten.</li>
<li>Diese Projekte welche sich progressiv der Fertigstellung nähern, wurden von zahlreichen Arbeitsgruppen im Verlauf mehrerer Jahre ausgearbeitet.</li>
<li>Die Begleitgruppe unterzieht die Projekte einer Vorprüfung, bevor diese zur Genehmigung eingereicht werden.</li>
<li>Der Lenkungsausschuss ist das Organ welches letztendlich über eine definitive Unterbreitung an den Staatsrat entscheidet und rechtliche Projekte validiert.</li>
</ul>
<p>Für INFRI sind die Mitglieder dieses Begleitsgruppe: Olivier SPANG General Sekretär und Alexandre WAEBER Direktor der Institutionen. Und Mitglieder des Lenkungsauschusses sind: Ursula Schneider-SCHÜTTEL Präsidentin, sowie André SUDAN Vize Präsident.</p>

<p>INFRI ist bei den kantonalen Kommissionen mit Bezug auf behinderte Personen oder Menschen in Schwierigkeiten und Förderinstitutionen vertreten. &nbsp; Beratende Kommission zur Unterstützung von Menschen mit Behinderungen und Integrationsproblemen Mission: Erfassung der Zahlen minderjähriger als auch erwachsenen Personen mit physischen, mentalen oder psychischen Behinderungen, sowie Minderjährigen bei welchen spezielle Bildungsmassnahmen erforderlich sind; Evaluierung der Kosten, [&hellip;]</p>

<!-- This site is optimized with the Yoast SEO plugin v27.4 - https://yoast.com/product/yoast-seo-wordpress/ -->
<title>Kantonale Kommissionen &#8211; infri</title>
<meta name="robots" content="index, follow, max-snippet:-1, max-image-preview:large, max-video-preview:-1" />
<link rel="canonical" href="https://www.infri.ch/de/themen/kantonale-kommissionen/" />
<meta property="og:locale" content="de_DE" />
<meta property="og:type" content="article" />
<meta property="og:title" content="Kantonale Kommissionen &#8211; infri" />
<meta property="og:description" content="INFRI ist bei den kantonalen Kommissionen mit Bezug auf behinderte Personen oder Menschen in Schwierigkeiten und Förderinstitutionen vertreten. &nbsp; Beratende Kommission zur Unterstützung von Menschen mit Behinderungen und Integrationsproblemen Mission: Erfassung der Zahlen minderjähriger als auch erwachsenen Personen mit physischen, mentalen oder psychischen Behinderungen, sowie Minderjährigen bei welchen spezielle Bildungsmassnahmen erforderlich sind; Evaluierung der Kosten, [&hellip;]" />
<meta property="og:url" content="https://www.infri.ch/de/themen/kantonale-kommissionen/" />
<meta property="og:site_name" content="infri" />
<meta property="article:modified_time" content="2019-02-25T09:08:21+00:00" />
<meta name="twitter:card" content="summary_large_image" />
<meta name="twitter:label1" content="Geschätzte Lesezeit" />
	<meta name="twitter:data1" content="2 Minuten" />
<script type="application/ld+json" class="yoast-schema-graph">{"@context":"https:\/\/schema.org","@graph":[{"@type":"WebPage","@id":"https:\/\/www.infri.ch\/de\/themen\/kantonale-kommissionen\/","url":"https:\/\/www.infri.ch\/de\/themen\/kantonale-kommissionen\/","name":"Kantonale Kommissionen &#8211; infri","isPartOf":{"@id":"https:\/\/www.infri.ch\/de\/#website"},"datePublished":"2018-12-04T10:45:47+00:00","dateModified":"2019-02-25T09:08:21+00:00","breadcrumb":{"@id":"https:\/\/www.infri.ch\/de\/themen\/kantonale-kommissionen\/#breadcrumb"},"inLanguage":"de","potentialAction":[{"@type":"ReadAction","target":["https:\/\/www.infri.ch\/de\/themen\/kantonale-kommissionen\/"]}]},{"@type":"BreadcrumbList","@id":"https:\/\/www.infri.ch\/de\/themen\/kantonale-kommissionen\/#breadcrumb","itemListElement":[{"@type":"ListItem","position":1,"name":"Accueil","item":"https:\/\/www.infri.ch\/de\/"},{"@type":"ListItem","position":2,"name":"Themen","item":"https:\/\/www.infri.ch\/de\/themen\/"},{"@type":"ListItem","position":3,"name":"Kantonale Kommissionen"}]},{"@type":"WebSite","@id":"https:\/\/www.infri.ch\/de\/#website","url":"https:\/\/www.infri.ch\/de\/","name":"infri","description":"l&#039;association représentant les institutions spécialisées fribourgeoises","potentialAction":[{"@type":"SearchAction","target":{"@type":"EntryPoint","urlTemplate":"https:\/\/www.infri.ch\/de\/?s={search_term_string}"},"query-input":{"@type":"PropertyValueSpecification","valueRequired":true,"valueName":"search_term_string"}}],"inLanguage":"de"}]}</script>
<!-- / Yoast SEO plugin. -->

INFRI ist bei den kantonalen Kommissionen mit Bezug auf behinderte Personen oder Menschen in Schwierigkeiten und Förderinstitutionen vertreten. &nbsp; Beratende Kommission zur Unterstützung von Menschen mit Behinderungen und Integrationsproblemen Mission: Erfassung der Zahlen minderjähriger als auch erwachsenen Personen mit physischen, mentalen oder psychischen Behinderungen, sowie Minderjährigen bei welchen spezielle Bildungsmassnahmen erforderlich sind; Evaluierung der Kosten, [&hellip;]

l&#039;association représentant les institutions spécialisées fribourgeoises
