{"id":1589,"date":"2018-11-16T13:10:59","date_gmt":"2018-11-16T12:10:59","guid":{"rendered":"https:\/\/www.infri.ch\/?page_id=1589"},"modified":"2025-08-21T13:24:45","modified_gmt":"2025-08-21T11:24:45","slug":"sektion-insos-freiburg","status":"publish","type":"page","link":"https:\/\/www.infri.ch\/de\/verband\/sektion-insos-freiburg\/","title":{"rendered":"Sektion INSOS Freiburg"},"content":{"rendered":"<p><img loading=\"lazy\" decoding=\"async\" class=\"alignnone size-full wp-image-2424\" src=\"https:\/\/www.infri.ch\/wp-content\/uploads\/2019\/02\/dado11.jpg\" alt=\"INFRI\" width=\"742\" height=\"317\" srcset=\"https:\/\/www.infri.ch\/wp-content\/uploads\/2019\/02\/dado11.jpg 742w, https:\/\/www.infri.ch\/wp-content\/uploads\/2019\/02\/dado11-300x128.jpg 300w\" sizes=\"auto, (max-width: 742px) 100vw, 742px\" \/><\/p>\n<p>&nbsp;<\/p>\n<h2>Die Neuigkeiten von INSOS<\/h2>\n<p>Die Freiburger Sektion von INSOS setzt sich aus Mitgliedern der st\u00e4ndigen Kommission &#8222;Wohnen, Arbeiten und Ausbildung INSOS&#8220; zusammen.<br \/>\nLink Neugikeiten von INSOS Schweiz und ARTISET:<\/p>\n<table style=\"border-collapse: collapse; width: 100%;\">\n<tbody>\n<tr>\n<td style=\"width: 21.56160458452722%;\"><a href=\"https:\/\/www.insos.ch\/Home\/Pdsob\/?lang=de\" target=\"_blank\" rel=\"noopener\"><img loading=\"lazy\" decoding=\"async\" class=\"alignleft wp-image-1934\" src=\"https:\/\/www.infri.ch\/wp-content\/uploads\/2019\/02\/INSOS-Mitglieder-Logo-Byline-RGB-fr.jpg\" alt=\"\" width=\"244\" height=\"83\" srcset=\"https:\/\/www.infri.ch\/wp-content\/uploads\/2019\/02\/INSOS-Mitglieder-Logo-Byline-RGB-fr.jpg 1050w, https:\/\/www.infri.ch\/wp-content\/uploads\/2019\/02\/INSOS-Mitglieder-Logo-Byline-RGB-fr-300x102.jpg 300w, https:\/\/www.infri.ch\/wp-content\/uploads\/2019\/02\/INSOS-Mitglieder-Logo-Byline-RGB-fr-768x261.jpg 768w, https:\/\/www.infri.ch\/wp-content\/uploads\/2019\/02\/INSOS-Mitglieder-Logo-Byline-RGB-fr-1024x348.jpg 1024w\" sizes=\"auto, (max-width: 244px) 100vw, 244px\" \/><\/a><\/td>\n<td style=\"width: 78.43839541547278%;\">\u00a0 \u00a0 \u00a0\u00a0\u00a0\u00a0\u00a0<a href=\"https:\/\/www.artiset.ch\/Home\/Pdsob\/?lang=de\" target=\"_blank\" rel=\"noopener\"><img loading=\"lazy\" decoding=\"async\" class=\"wp-image-8282 size-medium aligncenter\" src=\"https:\/\/www.infri.ch\/wp-content\/uploads\/2022\/08\/ARTISET_Kollektivmitglied_DE_rgb-300x132.png\" alt=\"\" width=\"300\" height=\"132\" srcset=\"https:\/\/www.infri.ch\/wp-content\/uploads\/2022\/08\/ARTISET_Kollektivmitglied_DE_rgb-300x132.png 300w, https:\/\/www.infri.ch\/wp-content\/uploads\/2022\/08\/ARTISET_Kollektivmitglied_DE_rgb-1024x449.png 1024w, https:\/\/www.infri.ch\/wp-content\/uploads\/2022\/08\/ARTISET_Kollektivmitglied_DE_rgb-768x337.png 768w, https:\/\/www.infri.ch\/wp-content\/uploads\/2022\/08\/ARTISET_Kollektivmitglied_DE_rgb.png 1058w\" sizes=\"auto, (max-width: 300px) 100vw, 300px\" \/><\/a><\/td>\n<\/tr>\n<\/tbody>\n<\/table>\n<p>&nbsp;<\/p>\n","protected":false},"excerpt":{"rendered":"<p>&nbsp; Die Neuigkeiten von INSOS Die Freiburger Sektion von INSOS setzt sich aus Mitgliedern der st\u00e4ndigen Kommission &#8222;Wohnen, Arbeiten und Ausbildung INSOS&#8220; zusammen. Link Neugikeiten von INSOS Schweiz und ARTISET: \u00a0 \u00a0 \u00a0\u00a0\u00a0\u00a0\u00a0 &nbsp;<\/p>\n","protected":false},"author":1,"featured_media":0,"parent":1875,"menu_order":0,"comment_status":"closed","ping_status":"closed","template":"","meta":{"_acf_changed":false,"inline_featured_image":false,"_monsterinsights_skip_tracking":false,"_monsterinsights_sitenote_active":false,"_monsterinsights_sitenote_note":"","_monsterinsights_sitenote_category":0,"footnotes":""},"class_list":["post-1589","page","type-page","status-publish","hentry"],"acf":[],"yoast_head":"<!-- This site is optimized with the Yoast SEO plugin v27.4 - https:\/\/yoast.com\/product\/yoast-seo-wordpress\/ -->\n<title>Sektion INSOS Freiburg &#8211; infri<\/title>\n<meta name=\"robots\" content=\"index, follow, max-snippet:-1, max-image-preview:large, max-video-preview:-1\" \/>\n<link rel=\"canonical\" href=\"https:\/\/www.infri.ch\/de\/verband\/sektion-insos-freiburg\/\" \/>\n<meta property=\"og:locale\" content=\"de_DE\" \/>\n<meta property=\"og:type\" content=\"article\" \/>\n<meta property=\"og:title\" content=\"Sektion INSOS Freiburg &#8211; infri\" \/>\n<meta property=\"og:description\" content=\"&nbsp; Die Neuigkeiten von INSOS Die Freiburger Sektion von INSOS setzt sich aus Mitgliedern der st\u00e4ndigen Kommission &#8222;Wohnen, Arbeiten und Ausbildung INSOS&#8220; zusammen. Link Neugikeiten von INSOS Schweiz und ARTISET: \u00a0 \u00a0 \u00a0\u00a0\u00a0\u00a0\u00a0 &nbsp;\" \/>\n<meta property=\"og:url\" content=\"https:\/\/www.infri.ch\/de\/verband\/sektion-insos-freiburg\/\" \/>\n<meta property=\"og:site_name\" content=\"infri\" \/>\n<meta property=\"article:modified_time\" content=\"2025-08-21T11:24:45+00:00\" \/>\n<meta property=\"og:image\" content=\"https:\/\/www.infri.ch\/wp-content\/uploads\/2019\/02\/dado11.jpg\" \/>\n\t<meta property=\"og:image:width\" content=\"742\" \/>\n\t<meta property=\"og:image:height\" content=\"317\" \/>\n\t<meta property=\"og:image:type\" content=\"image\/jpeg\" \/>\n<meta name=\"twitter:card\" content=\"summary_large_image\" \/>\n<meta name=\"twitter:label1\" content=\"Gesch\u00e4tzte Lesezeit\" \/>\n\t<meta name=\"twitter:data1\" content=\"1\u00a0Minute\" \/>\n<script type=\"application\/ld+json\" class=\"yoast-schema-graph\">{\"@context\":\"https:\\\/\\\/schema.org\",\"@graph\":[{\"@type\":\"WebPage\",\"@id\":\"https:\\\/\\\/www.infri.ch\\\/de\\\/verband\\\/sektion-insos-freiburg\\\/\",\"url\":\"https:\\\/\\\/www.infri.ch\\\/de\\\/verband\\\/sektion-insos-freiburg\\\/\",\"name\":\"Sektion INSOS Freiburg &#8211; infri\",\"isPartOf\":{\"@id\":\"https:\\\/\\\/www.infri.ch\\\/de\\\/#website\"},\"primaryImageOfPage\":{\"@id\":\"https:\\\/\\\/www.infri.ch\\\/de\\\/verband\\\/sektion-insos-freiburg\\\/#primaryimage\"},\"image\":{\"@id\":\"https:\\\/\\\/www.infri.ch\\\/de\\\/verband\\\/sektion-insos-freiburg\\\/#primaryimage\"},\"thumbnailUrl\":\"https:\\\/\\\/www.infri.ch\\\/wp-content\\\/uploads\\\/2019\\\/02\\\/dado11.jpg\",\"datePublished\":\"2018-11-16T12:10:59+00:00\",\"dateModified\":\"2025-08-21T11:24:45+00:00\",\"breadcrumb\":{\"@id\":\"https:\\\/\\\/www.infri.ch\\\/de\\\/verband\\\/sektion-insos-freiburg\\\/#breadcrumb\"},\"inLanguage\":\"de\",\"potentialAction\":[{\"@type\":\"ReadAction\",\"target\":[\"https:\\\/\\\/www.infri.ch\\\/de\\\/verband\\\/sektion-insos-freiburg\\\/\"]}]},{\"@type\":\"ImageObject\",\"inLanguage\":\"de\",\"@id\":\"https:\\\/\\\/www.infri.ch\\\/de\\\/verband\\\/sektion-insos-freiburg\\\/#primaryimage\",\"url\":\"https:\\\/\\\/www.infri.ch\\\/wp-content\\\/uploads\\\/2019\\\/02\\\/dado11.jpg\",\"contentUrl\":\"https:\\\/\\\/www.infri.ch\\\/wp-content\\\/uploads\\\/2019\\\/02\\\/dado11.jpg\"},{\"@type\":\"BreadcrumbList\",\"@id\":\"https:\\\/\\\/www.infri.ch\\\/de\\\/verband\\\/sektion-insos-freiburg\\\/#breadcrumb\",\"itemListElement\":[{\"@type\":\"ListItem\",\"position\":1,\"name\":\"Accueil\",\"item\":\"https:\\\/\\\/www.infri.ch\\\/de\\\/\"},{\"@type\":\"ListItem\",\"position\":2,\"name\":\"Verband\",\"item\":\"https:\\\/\\\/www.infri.ch\\\/de\\\/verband\\\/\"},{\"@type\":\"ListItem\",\"position\":3,\"name\":\"Sektion INSOS Freiburg\"}]},{\"@type\":\"WebSite\",\"@id\":\"https:\\\/\\\/www.infri.ch\\\/de\\\/#website\",\"url\":\"https:\\\/\\\/www.infri.ch\\\/de\\\/\",\"name\":\"infri\",\"description\":\"l&#039;association repr\u00e9sentant les institutions sp\u00e9cialis\u00e9es fribourgeoises\",\"potentialAction\":[{\"@type\":\"SearchAction\",\"target\":{\"@type\":\"EntryPoint\",\"urlTemplate\":\"https:\\\/\\\/www.infri.ch\\\/de\\\/?s={search_term_string}\"},\"query-input\":{\"@type\":\"PropertyValueSpecification\",\"valueRequired\":true,\"valueName\":\"search_term_string\"}}],\"inLanguage\":\"de\"}]}<\/script>\n<!-- \/ Yoast SEO plugin. -->","yoast_head_json":{"title":"Sektion INSOS Freiburg &#8211; infri","robots":{"index":"index","follow":"follow","max-snippet":"max-snippet:-1","max-image-preview":"max-image-preview:large","max-video-preview":"max-video-preview:-1"},"canonical":"https:\/\/www.infri.ch\/de\/verband\/sektion-insos-freiburg\/","og_locale":"de_DE","og_type":"article","og_title":"Sektion INSOS Freiburg &#8211; infri","og_description":"&nbsp; Die Neuigkeiten von INSOS Die Freiburger Sektion von INSOS setzt sich aus Mitgliedern der st\u00e4ndigen Kommission &#8222;Wohnen, Arbeiten und Ausbildung INSOS&#8220; zusammen. Link Neugikeiten von INSOS Schweiz und ARTISET: \u00a0 \u00a0 \u00a0\u00a0\u00a0\u00a0\u00a0 &nbsp;","og_url":"https:\/\/www.infri.ch\/de\/verband\/sektion-insos-freiburg\/","og_site_name":"infri","article_modified_time":"2025-08-21T11:24:45+00:00","og_image":[{"width":742,"height":317,"url":"https:\/\/www.infri.ch\/wp-content\/uploads\/2019\/02\/dado11.jpg","type":"image\/jpeg"}],"twitter_card":"summary_large_image","twitter_misc":{"Gesch\u00e4tzte Lesezeit":"1\u00a0Minute"},"schema":{"@context":"https:\/\/schema.org","@graph":[{"@type":"WebPage","@id":"https:\/\/www.infri.ch\/de\/verband\/sektion-insos-freiburg\/","url":"https:\/\/www.infri.ch\/de\/verband\/sektion-insos-freiburg\/","name":"Sektion INSOS Freiburg &#8211; infri","isPartOf":{"@id":"https:\/\/www.infri.ch\/de\/#website"},"primaryImageOfPage":{"@id":"https:\/\/www.infri.ch\/de\/verband\/sektion-insos-freiburg\/#primaryimage"},"image":{"@id":"https:\/\/www.infri.ch\/de\/verband\/sektion-insos-freiburg\/#primaryimage"},"thumbnailUrl":"https:\/\/www.infri.ch\/wp-content\/uploads\/2019\/02\/dado11.jpg","datePublished":"2018-11-16T12:10:59+00:00","dateModified":"2025-08-21T11:24:45+00:00","breadcrumb":{"@id":"https:\/\/www.infri.ch\/de\/verband\/sektion-insos-freiburg\/#breadcrumb"},"inLanguage":"de","potentialAction":[{"@type":"ReadAction","target":["https:\/\/www.infri.ch\/de\/verband\/sektion-insos-freiburg\/"]}]},{"@type":"ImageObject","inLanguage":"de","@id":"https:\/\/www.infri.ch\/de\/verband\/sektion-insos-freiburg\/#primaryimage","url":"https:\/\/www.infri.ch\/wp-content\/uploads\/2019\/02\/dado11.jpg","contentUrl":"https:\/\/www.infri.ch\/wp-content\/uploads\/2019\/02\/dado11.jpg"},{"@type":"BreadcrumbList","@id":"https:\/\/www.infri.ch\/de\/verband\/sektion-insos-freiburg\/#breadcrumb","itemListElement":[{"@type":"ListItem","position":1,"name":"Accueil","item":"https:\/\/www.infri.ch\/de\/"},{"@type":"ListItem","position":2,"name":"Verband","item":"https:\/\/www.infri.ch\/de\/verband\/"},{"@type":"ListItem","position":3,"name":"Sektion INSOS Freiburg"}]},{"@type":"WebSite","@id":"https:\/\/www.infri.ch\/de\/#website","url":"https:\/\/www.infri.ch\/de\/","name":"infri","description":"l&#039;association repr\u00e9sentant les institutions sp\u00e9cialis\u00e9es fribourgeoises","potentialAction":[{"@type":"SearchAction","target":{"@type":"EntryPoint","urlTemplate":"https:\/\/www.infri.ch\/de\/?s={search_term_string}"},"query-input":{"@type":"PropertyValueSpecification","valueRequired":true,"valueName":"search_term_string"}}],"inLanguage":"de"}]}},"_links":{"self":[{"href":"https:\/\/www.infri.ch\/de\/wp-json\/wp\/v2\/pages\/1589","targetHints":{"allow":["GET"]}}],"collection":[{"href":"https:\/\/www.infri.ch\/de\/wp-json\/wp\/v2\/pages"}],"about":[{"href":"https:\/\/www.infri.ch\/de\/wp-json\/wp\/v2\/types\/page"}],"author":[{"embeddable":true,"href":"https:\/\/www.infri.ch\/de\/wp-json\/wp\/v2\/users\/1"}],"replies":[{"embeddable":true,"href":"https:\/\/www.infri.ch\/de\/wp-json\/wp\/v2\/comments?post=1589"}],"version-history":[{"count":4,"href":"https:\/\/www.infri.ch\/de\/wp-json\/wp\/v2\/pages\/1589\/revisions"}],"predecessor-version":[{"id":14141,"href":"https:\/\/www.infri.ch\/de\/wp-json\/wp\/v2\/pages\/1589\/revisions\/14141"}],"up":[{"embeddable":true,"href":"https:\/\/www.infri.ch\/de\/wp-json\/wp\/v2\/pages\/1875"}],"wp:attachment":[{"href":"https:\/\/www.infri.ch\/de\/wp-json\/wp\/v2\/media?parent=1589"}],"curies":[{"name":"wp","href":"https:\/\/api.w.org\/{rel}","templated":true}]}}

<p><img loading="lazy" decoding="async" class="alignnone size-full wp-image-2424" src="https://www.infri.ch/wp-content/uploads/2019/02/dado11.jpg" alt="INFRI" width="742" height="317" srcset="https://www.infri.ch/wp-content/uploads/2019/02/dado11.jpg 742w, https://www.infri.ch/wp-content/uploads/2019/02/dado11-300x128.jpg 300w" sizes="auto, (max-width: 742px) 100vw, 742px" /></p>
<p>&nbsp;</p>
<h2>Die Neuigkeiten von INSOS</h2>
<p>Die Freiburger Sektion von INSOS setzt sich aus Mitgliedern der ständigen Kommission &#8222;Wohnen, Arbeiten und Ausbildung INSOS&#8220; zusammen.<br />
Link Neugikeiten von INSOS Schweiz und ARTISET:</p>
<table style="border-collapse: collapse; width: 100%;">
<tbody>
<tr>
<td style="width: 21.56160458452722%;"><a href="https://www.insos.ch/Home/Pdsob/?lang=de" target="_blank" rel="noopener"><img loading="lazy" decoding="async" class="alignleft wp-image-1934" src="https://www.infri.ch/wp-content/uploads/2019/02/INSOS-Mitglieder-Logo-Byline-RGB-fr.jpg" alt="" width="244" height="83" srcset="https://www.infri.ch/wp-content/uploads/2019/02/INSOS-Mitglieder-Logo-Byline-RGB-fr.jpg 1050w, https://www.infri.ch/wp-content/uploads/2019/02/INSOS-Mitglieder-Logo-Byline-RGB-fr-300x102.jpg 300w, https://www.infri.ch/wp-content/uploads/2019/02/INSOS-Mitglieder-Logo-Byline-RGB-fr-768x261.jpg 768w, https://www.infri.ch/wp-content/uploads/2019/02/INSOS-Mitglieder-Logo-Byline-RGB-fr-1024x348.jpg 1024w" sizes="auto, (max-width: 244px) 100vw, 244px" /></a></td>
<td style="width: 78.43839541547278%;">         <a href="https://www.artiset.ch/Home/Pdsob/?lang=de" target="_blank" rel="noopener"><img loading="lazy" decoding="async" class="wp-image-8282 size-medium aligncenter" src="https://www.infri.ch/wp-content/uploads/2022/08/ARTISET_Kollektivmitglied_DE_rgb-300x132.png" alt="" width="300" height="132" srcset="https://www.infri.ch/wp-content/uploads/2022/08/ARTISET_Kollektivmitglied_DE_rgb-300x132.png 300w, https://www.infri.ch/wp-content/uploads/2022/08/ARTISET_Kollektivmitglied_DE_rgb-1024x449.png 1024w, https://www.infri.ch/wp-content/uploads/2022/08/ARTISET_Kollektivmitglied_DE_rgb-768x337.png 768w, https://www.infri.ch/wp-content/uploads/2022/08/ARTISET_Kollektivmitglied_DE_rgb.png 1058w" sizes="auto, (max-width: 300px) 100vw, 300px" /></a></td>
</tr>
</tbody>
</table>
<p>&nbsp;</p>

<p>&nbsp; Die Neuigkeiten von INSOS Die Freiburger Sektion von INSOS setzt sich aus Mitgliedern der ständigen Kommission &#8222;Wohnen, Arbeiten und Ausbildung INSOS&#8220; zusammen. Link Neugikeiten von INSOS Schweiz und ARTISET:           &nbsp;</p>

<!-- This site is optimized with the Yoast SEO plugin v27.4 - https://yoast.com/product/yoast-seo-wordpress/ -->
<title>Sektion INSOS Freiburg &#8211; infri</title>
<meta name="robots" content="index, follow, max-snippet:-1, max-image-preview:large, max-video-preview:-1" />
<link rel="canonical" href="https://www.infri.ch/de/verband/sektion-insos-freiburg/" />
<meta property="og:locale" content="de_DE" />
<meta property="og:type" content="article" />
<meta property="og:title" content="Sektion INSOS Freiburg &#8211; infri" />
<meta property="og:description" content="&nbsp; Die Neuigkeiten von INSOS Die Freiburger Sektion von INSOS setzt sich aus Mitgliedern der ständigen Kommission &#8222;Wohnen, Arbeiten und Ausbildung INSOS&#8220; zusammen. Link Neugikeiten von INSOS Schweiz und ARTISET:           &nbsp;" />
<meta property="og:url" content="https://www.infri.ch/de/verband/sektion-insos-freiburg/" />
<meta property="og:site_name" content="infri" />
<meta property="article:modified_time" content="2025-08-21T11:24:45+00:00" />
<meta property="og:image" content="https://www.infri.ch/wp-content/uploads/2019/02/dado11.jpg" />
	<meta property="og:image:width" content="742" />
	<meta property="og:image:height" content="317" />
	<meta property="og:image:type" content="image/jpeg" />
<meta name="twitter:card" content="summary_large_image" />
<meta name="twitter:label1" content="Geschätzte Lesezeit" />
	<meta name="twitter:data1" content="1 Minute" />
<script type="application/ld+json" class="yoast-schema-graph">{"@context":"https:\/\/schema.org","@graph":[{"@type":"WebPage","@id":"https:\/\/www.infri.ch\/de\/verband\/sektion-insos-freiburg\/","url":"https:\/\/www.infri.ch\/de\/verband\/sektion-insos-freiburg\/","name":"Sektion INSOS Freiburg &#8211; infri","isPartOf":{"@id":"https:\/\/www.infri.ch\/de\/#website"},"primaryImageOfPage":{"@id":"https:\/\/www.infri.ch\/de\/verband\/sektion-insos-freiburg\/#primaryimage"},"image":{"@id":"https:\/\/www.infri.ch\/de\/verband\/sektion-insos-freiburg\/#primaryimage"},"thumbnailUrl":"https:\/\/www.infri.ch\/wp-content\/uploads\/2019\/02\/dado11.jpg","datePublished":"2018-11-16T12:10:59+00:00","dateModified":"2025-08-21T11:24:45+00:00","breadcrumb":{"@id":"https:\/\/www.infri.ch\/de\/verband\/sektion-insos-freiburg\/#breadcrumb"},"inLanguage":"de","potentialAction":[{"@type":"ReadAction","target":["https:\/\/www.infri.ch\/de\/verband\/sektion-insos-freiburg\/"]}]},{"@type":"ImageObject","inLanguage":"de","@id":"https:\/\/www.infri.ch\/de\/verband\/sektion-insos-freiburg\/#primaryimage","url":"https:\/\/www.infri.ch\/wp-content\/uploads\/2019\/02\/dado11.jpg","contentUrl":"https:\/\/www.infri.ch\/wp-content\/uploads\/2019\/02\/dado11.jpg"},{"@type":"BreadcrumbList","@id":"https:\/\/www.infri.ch\/de\/verband\/sektion-insos-freiburg\/#breadcrumb","itemListElement":[{"@type":"ListItem","position":1,"name":"Accueil","item":"https:\/\/www.infri.ch\/de\/"},{"@type":"ListItem","position":2,"name":"Verband","item":"https:\/\/www.infri.ch\/de\/verband\/"},{"@type":"ListItem","position":3,"name":"Sektion INSOS Freiburg"}]},{"@type":"WebSite","@id":"https:\/\/www.infri.ch\/de\/#website","url":"https:\/\/www.infri.ch\/de\/","name":"infri","description":"l&#039;association représentant les institutions spécialisées fribourgeoises","potentialAction":[{"@type":"SearchAction","target":{"@type":"EntryPoint","urlTemplate":"https:\/\/www.infri.ch\/de\/?s={search_term_string}"},"query-input":{"@type":"PropertyValueSpecification","valueRequired":true,"valueName":"search_term_string"}}],"inLanguage":"de"}]}</script>
<!-- / Yoast SEO plugin. -->

&nbsp; Die Neuigkeiten von INSOS Die Freiburger Sektion von INSOS setzt sich aus Mitgliedern der ständigen Kommission &#8222;Wohnen, Arbeiten und Ausbildung INSOS&#8220; zusammen. Link Neugikeiten von INSOS Schweiz und ARTISET:           &nbsp;

l&#039;association représentant les institutions spécialisées fribourgeoises
