{"id":109,"date":"2018-11-16T11:49:41","date_gmt":"2018-11-16T10:49:41","guid":{"rendered":"https:\/\/www.infri.ch\/organigramme\/"},"modified":"2019-02-11T11:29:14","modified_gmt":"2019-02-11T10:29:14","slug":"organigramm","status":"publish","type":"page","link":"https:\/\/www.infri.ch\/de\/verband\/organigramm\/","title":{"rendered":"Organigramm"},"content":{"rendered":"<p><img loading=\"lazy\" decoding=\"async\" class=\"alignnone size-full wp-image-2117\" src=\"https:\/\/www.infri.ch\/wp-content\/uploads\/2019\/02\/Organigramm-INFRI-2017.png\" alt=\"\" width=\"1418\" height=\"1055\" srcset=\"https:\/\/www.infri.ch\/wp-content\/uploads\/2019\/02\/Organigramm-INFRI-2017.png 1418w, https:\/\/www.infri.ch\/wp-content\/uploads\/2019\/02\/Organigramm-INFRI-2017-300x223.png 300w, https:\/\/www.infri.ch\/wp-content\/uploads\/2019\/02\/Organigramm-INFRI-2017-768x571.png 768w, https:\/\/www.infri.ch\/wp-content\/uploads\/2019\/02\/Organigramm-INFRI-2017-1024x762.png 1024w\" sizes=\"auto, (max-width: 1418px) 100vw, 1418px\" \/><\/p>\n<p>&nbsp;<\/p>\n<p style=\"text-align: center;\">Dokument zum Drucken:\u00a0 <a href=\"https:\/\/www.infri.ch\/wp-content\/uploads\/2018\/11\/Organigramm_INFRI_2017_de.pdf\" target=\"_blank\" rel=\"noopener\">Organigramm INFRI 2017<\/a><\/p>\n","protected":false},"excerpt":{"rendered":"<p>&nbsp; Dokument zum Drucken:\u00a0 Organigramm INFRI 2017<\/p>\n","protected":false},"author":1,"featured_media":0,"parent":1875,"menu_order":0,"comment_status":"closed","ping_status":"closed","template":"","meta":{"_acf_changed":false,"inline_featured_image":false,"_monsterinsights_skip_tracking":false,"_monsterinsights_sitenote_active":false,"_monsterinsights_sitenote_note":"","_monsterinsights_sitenote_category":0,"footnotes":""},"class_list":["post-109","page","type-page","status-publish","hentry"],"acf":[],"yoast_head":"<!-- This site is optimized with the Yoast SEO plugin v27.4 - https:\/\/yoast.com\/product\/yoast-seo-wordpress\/ -->\n<title>Organigramm &#8211; infri<\/title>\n<meta name=\"robots\" content=\"index, follow, max-snippet:-1, max-image-preview:large, max-video-preview:-1\" \/>\n<link rel=\"canonical\" href=\"https:\/\/www.infri.ch\/de\/verband\/organigramm\/\" \/>\n<meta property=\"og:locale\" content=\"de_DE\" \/>\n<meta property=\"og:type\" content=\"article\" \/>\n<meta property=\"og:title\" content=\"Organigramm &#8211; infri\" \/>\n<meta property=\"og:description\" content=\"&nbsp; Dokument zum Drucken:\u00a0 Organigramm INFRI 2017\" \/>\n<meta property=\"og:url\" content=\"https:\/\/www.infri.ch\/de\/verband\/organigramm\/\" \/>\n<meta property=\"og:site_name\" content=\"infri\" \/>\n<meta property=\"article:modified_time\" content=\"2019-02-11T10:29:14+00:00\" \/>\n<meta property=\"og:image\" content=\"https:\/\/www.infri.ch\/wp-content\/uploads\/2019\/02\/Organigramm-INFRI-2017.png\" \/>\n<meta name=\"twitter:card\" content=\"summary_large_image\" \/>\n<script type=\"application\/ld+json\" class=\"yoast-schema-graph\">{\"@context\":\"https:\\\/\\\/schema.org\",\"@graph\":[{\"@type\":\"WebPage\",\"@id\":\"https:\\\/\\\/www.infri.ch\\\/de\\\/verband\\\/organigramm\\\/\",\"url\":\"https:\\\/\\\/www.infri.ch\\\/de\\\/verband\\\/organigramm\\\/\",\"name\":\"Organigramm &#8211; infri\",\"isPartOf\":{\"@id\":\"https:\\\/\\\/www.infri.ch\\\/de\\\/#website\"},\"primaryImageOfPage\":{\"@id\":\"https:\\\/\\\/www.infri.ch\\\/de\\\/verband\\\/organigramm\\\/#primaryimage\"},\"image\":{\"@id\":\"https:\\\/\\\/www.infri.ch\\\/de\\\/verband\\\/organigramm\\\/#primaryimage\"},\"thumbnailUrl\":\"https:\\\/\\\/www.infri.ch\\\/wp-content\\\/uploads\\\/2019\\\/02\\\/Organigramm-INFRI-2017.png\",\"datePublished\":\"2018-11-16T10:49:41+00:00\",\"dateModified\":\"2019-02-11T10:29:14+00:00\",\"breadcrumb\":{\"@id\":\"https:\\\/\\\/www.infri.ch\\\/de\\\/verband\\\/organigramm\\\/#breadcrumb\"},\"inLanguage\":\"de\",\"potentialAction\":[{\"@type\":\"ReadAction\",\"target\":[\"https:\\\/\\\/www.infri.ch\\\/de\\\/verband\\\/organigramm\\\/\"]}]},{\"@type\":\"ImageObject\",\"inLanguage\":\"de\",\"@id\":\"https:\\\/\\\/www.infri.ch\\\/de\\\/verband\\\/organigramm\\\/#primaryimage\",\"url\":\"https:\\\/\\\/www.infri.ch\\\/wp-content\\\/uploads\\\/2019\\\/02\\\/Organigramm-INFRI-2017.png\",\"contentUrl\":\"https:\\\/\\\/www.infri.ch\\\/wp-content\\\/uploads\\\/2019\\\/02\\\/Organigramm-INFRI-2017.png\"},{\"@type\":\"BreadcrumbList\",\"@id\":\"https:\\\/\\\/www.infri.ch\\\/de\\\/verband\\\/organigramm\\\/#breadcrumb\",\"itemListElement\":[{\"@type\":\"ListItem\",\"position\":1,\"name\":\"Accueil\",\"item\":\"https:\\\/\\\/www.infri.ch\\\/de\\\/\"},{\"@type\":\"ListItem\",\"position\":2,\"name\":\"Verband\",\"item\":\"https:\\\/\\\/www.infri.ch\\\/de\\\/verband\\\/\"},{\"@type\":\"ListItem\",\"position\":3,\"name\":\"Organigramm\"}]},{\"@type\":\"WebSite\",\"@id\":\"https:\\\/\\\/www.infri.ch\\\/de\\\/#website\",\"url\":\"https:\\\/\\\/www.infri.ch\\\/de\\\/\",\"name\":\"infri\",\"description\":\"l&#039;association repr\u00e9sentant les institutions sp\u00e9cialis\u00e9es fribourgeoises\",\"potentialAction\":[{\"@type\":\"SearchAction\",\"target\":{\"@type\":\"EntryPoint\",\"urlTemplate\":\"https:\\\/\\\/www.infri.ch\\\/de\\\/?s={search_term_string}\"},\"query-input\":{\"@type\":\"PropertyValueSpecification\",\"valueRequired\":true,\"valueName\":\"search_term_string\"}}],\"inLanguage\":\"de\"}]}<\/script>\n<!-- \/ Yoast SEO plugin. -->","yoast_head_json":{"title":"Organigramm &#8211; infri","robots":{"index":"index","follow":"follow","max-snippet":"max-snippet:-1","max-image-preview":"max-image-preview:large","max-video-preview":"max-video-preview:-1"},"canonical":"https:\/\/www.infri.ch\/de\/verband\/organigramm\/","og_locale":"de_DE","og_type":"article","og_title":"Organigramm &#8211; infri","og_description":"&nbsp; Dokument zum Drucken:\u00a0 Organigramm INFRI 2017","og_url":"https:\/\/www.infri.ch\/de\/verband\/organigramm\/","og_site_name":"infri","article_modified_time":"2019-02-11T10:29:14+00:00","og_image":[{"url":"https:\/\/www.infri.ch\/wp-content\/uploads\/2019\/02\/Organigramm-INFRI-2017.png","type":"","width":"","height":""}],"twitter_card":"summary_large_image","schema":{"@context":"https:\/\/schema.org","@graph":[{"@type":"WebPage","@id":"https:\/\/www.infri.ch\/de\/verband\/organigramm\/","url":"https:\/\/www.infri.ch\/de\/verband\/organigramm\/","name":"Organigramm &#8211; infri","isPartOf":{"@id":"https:\/\/www.infri.ch\/de\/#website"},"primaryImageOfPage":{"@id":"https:\/\/www.infri.ch\/de\/verband\/organigramm\/#primaryimage"},"image":{"@id":"https:\/\/www.infri.ch\/de\/verband\/organigramm\/#primaryimage"},"thumbnailUrl":"https:\/\/www.infri.ch\/wp-content\/uploads\/2019\/02\/Organigramm-INFRI-2017.png","datePublished":"2018-11-16T10:49:41+00:00","dateModified":"2019-02-11T10:29:14+00:00","breadcrumb":{"@id":"https:\/\/www.infri.ch\/de\/verband\/organigramm\/#breadcrumb"},"inLanguage":"de","potentialAction":[{"@type":"ReadAction","target":["https:\/\/www.infri.ch\/de\/verband\/organigramm\/"]}]},{"@type":"ImageObject","inLanguage":"de","@id":"https:\/\/www.infri.ch\/de\/verband\/organigramm\/#primaryimage","url":"https:\/\/www.infri.ch\/wp-content\/uploads\/2019\/02\/Organigramm-INFRI-2017.png","contentUrl":"https:\/\/www.infri.ch\/wp-content\/uploads\/2019\/02\/Organigramm-INFRI-2017.png"},{"@type":"BreadcrumbList","@id":"https:\/\/www.infri.ch\/de\/verband\/organigramm\/#breadcrumb","itemListElement":[{"@type":"ListItem","position":1,"name":"Accueil","item":"https:\/\/www.infri.ch\/de\/"},{"@type":"ListItem","position":2,"name":"Verband","item":"https:\/\/www.infri.ch\/de\/verband\/"},{"@type":"ListItem","position":3,"name":"Organigramm"}]},{"@type":"WebSite","@id":"https:\/\/www.infri.ch\/de\/#website","url":"https:\/\/www.infri.ch\/de\/","name":"infri","description":"l&#039;association repr\u00e9sentant les institutions sp\u00e9cialis\u00e9es fribourgeoises","potentialAction":[{"@type":"SearchAction","target":{"@type":"EntryPoint","urlTemplate":"https:\/\/www.infri.ch\/de\/?s={search_term_string}"},"query-input":{"@type":"PropertyValueSpecification","valueRequired":true,"valueName":"search_term_string"}}],"inLanguage":"de"}]}},"_links":{"self":[{"href":"https:\/\/www.infri.ch\/de\/wp-json\/wp\/v2\/pages\/109","targetHints":{"allow":["GET"]}}],"collection":[{"href":"https:\/\/www.infri.ch\/de\/wp-json\/wp\/v2\/pages"}],"about":[{"href":"https:\/\/www.infri.ch\/de\/wp-json\/wp\/v2\/types\/page"}],"author":[{"embeddable":true,"href":"https:\/\/www.infri.ch\/de\/wp-json\/wp\/v2\/users\/1"}],"replies":[{"embeddable":true,"href":"https:\/\/www.infri.ch\/de\/wp-json\/wp\/v2\/comments?post=109"}],"version-history":[{"count":0,"href":"https:\/\/www.infri.ch\/de\/wp-json\/wp\/v2\/pages\/109\/revisions"}],"up":[{"embeddable":true,"href":"https:\/\/www.infri.ch\/de\/wp-json\/wp\/v2\/pages\/1875"}],"wp:attachment":[{"href":"https:\/\/www.infri.ch\/de\/wp-json\/wp\/v2\/media?parent=109"}],"curies":[{"name":"wp","href":"https:\/\/api.w.org\/{rel}","templated":true}]}}

<!-- This site is optimized with the Yoast SEO plugin v27.4 - https://yoast.com/product/yoast-seo-wordpress/ -->
<title>Organigramm &#8211; infri</title>
<meta name="robots" content="index, follow, max-snippet:-1, max-image-preview:large, max-video-preview:-1" />
<link rel="canonical" href="https://www.infri.ch/de/verband/organigramm/" />
<meta property="og:locale" content="de_DE" />
<meta property="og:type" content="article" />
<meta property="og:title" content="Organigramm &#8211; infri" />
<meta property="og:description" content="&nbsp; Dokument zum Drucken:  Organigramm INFRI 2017" />
<meta property="og:url" content="https://www.infri.ch/de/verband/organigramm/" />
<meta property="og:site_name" content="infri" />
<meta property="article:modified_time" content="2019-02-11T10:29:14+00:00" />
<meta property="og:image" content="https://www.infri.ch/wp-content/uploads/2019/02/Organigramm-INFRI-2017.png" />
<meta name="twitter:card" content="summary_large_image" />
<script type="application/ld+json" class="yoast-schema-graph">{"@context":"https:\/\/schema.org","@graph":[{"@type":"WebPage","@id":"https:\/\/www.infri.ch\/de\/verband\/organigramm\/","url":"https:\/\/www.infri.ch\/de\/verband\/organigramm\/","name":"Organigramm &#8211; infri","isPartOf":{"@id":"https:\/\/www.infri.ch\/de\/#website"},"primaryImageOfPage":{"@id":"https:\/\/www.infri.ch\/de\/verband\/organigramm\/#primaryimage"},"image":{"@id":"https:\/\/www.infri.ch\/de\/verband\/organigramm\/#primaryimage"},"thumbnailUrl":"https:\/\/www.infri.ch\/wp-content\/uploads\/2019\/02\/Organigramm-INFRI-2017.png","datePublished":"2018-11-16T10:49:41+00:00","dateModified":"2019-02-11T10:29:14+00:00","breadcrumb":{"@id":"https:\/\/www.infri.ch\/de\/verband\/organigramm\/#breadcrumb"},"inLanguage":"de","potentialAction":[{"@type":"ReadAction","target":["https:\/\/www.infri.ch\/de\/verband\/organigramm\/"]}]},{"@type":"ImageObject","inLanguage":"de","@id":"https:\/\/www.infri.ch\/de\/verband\/organigramm\/#primaryimage","url":"https:\/\/www.infri.ch\/wp-content\/uploads\/2019\/02\/Organigramm-INFRI-2017.png","contentUrl":"https:\/\/www.infri.ch\/wp-content\/uploads\/2019\/02\/Organigramm-INFRI-2017.png"},{"@type":"BreadcrumbList","@id":"https:\/\/www.infri.ch\/de\/verband\/organigramm\/#breadcrumb","itemListElement":[{"@type":"ListItem","position":1,"name":"Accueil","item":"https:\/\/www.infri.ch\/de\/"},{"@type":"ListItem","position":2,"name":"Verband","item":"https:\/\/www.infri.ch\/de\/verband\/"},{"@type":"ListItem","position":3,"name":"Organigramm"}]},{"@type":"WebSite","@id":"https:\/\/www.infri.ch\/de\/#website","url":"https:\/\/www.infri.ch\/de\/","name":"infri","description":"l&#039;association représentant les institutions spécialisées fribourgeoises","potentialAction":[{"@type":"SearchAction","target":{"@type":"EntryPoint","urlTemplate":"https:\/\/www.infri.ch\/de\/?s={search_term_string}"},"query-input":{"@type":"PropertyValueSpecification","valueRequired":true,"valueName":"search_term_string"}}],"inLanguage":"de"}]}</script>
<!-- / Yoast SEO plugin. -->

l&#039;association représentant les institutions spécialisées fribourgeoises
